pose -y = -1 - 2. Suppose r - y*r + 336 = 0. Suppose -132 = -4*f + r. Calculate the highest common divisor of f and 15.
15
Suppose p + 4*p - 280 = 0. Suppose 4*y = 3*f - 25 - 29, f - 29 = 5*y. What is the greatest common divisor of f and p?
14
Let u be -4 + (-2)/(-3)*87. Calculate the greatest common factor of 18 and u.
18
Let i = 14 + -10. Suppose -h - 14 + 94 = 0. Suppose 3*l + 2*l - 99 = -i*p, -2*l - h = -3*p. What is the highest common divisor of 13 and p?
13
Let f(m) = 4*m - 58. Let u be f(20). Calculate the highest common divisor of 66 and u.
22
Suppose -3*u + 26 = -4*f, 2*u - 3*f - 12 = f. Calculate the greatest common divisor of u and 14.
14
Let j(z) = -8*z - 27. Let d be j(-9). What is the highest common factor of 18 and d?
9
Let i(v) = -v**3 - 6*v**2 - 6*v - 7. Let u be i(-5). Let t = u - -12. Calculate the greatest common factor of t and 40.
10
Let s = 0 + -5. Let k(o) = -11*o - 7. Let f be k(s). Let q(y) = y**2 - 4*y - 6. Let z be q(6). What is the highest common divisor of f and z?
6
Let t = -6 - 4. Let c(u) = u**3 - 5*u**2 - 2*u + 7. Let n be c(5). Let h = n - t. Calculate the highest common factor of 28 and h.
7
Let r(c) = c**3 + 4*c**2 - 8*c - 7. Let m be r(-5). Let u = -6 + m. Suppose u*y + 6 = 0, 6*y = -v + 2*y + 2. Calculate the highest common divisor of 154 and v.
14
Suppose -4*c + 5*b + 112 = 0, -2*b + 140 = 2*c + 2*c. Let m(g) = g**2 + 33*g + 11. Let a be m(-33). What is the highest common factor of c and a?
11
Suppose 373 = 3*d - 2*l, 353 = 3*d + 4*l - 2*l. Suppose 2*x + 3*b = 4*x - 19, 59 = 5*x + 4*b. What is the highest common factor of d and x?
11
Suppose 4*j - 27 = 3*a + 22, -2*a + 28 = 2*j. What is the highest common factor of j and 325?
13
Let r be (3/(-1) - -48) + 0. What is the highest common factor of 9 and r?
9
Suppose -6 = 4*f + 2*x, -2 = -2*f + 3*x + 7. Suppose 35 = 5*q - f*q. Let p be 5*(q + 2 + -2). Calculate the highest common divisor of 5 and p.
5
Let u = 11 + -1. Suppose -o - 19 = -2*a - 0*o, 5*o = -5*a + 55. What is the greatest common factor of a and u?
10
Suppose -u - 354 = -4*u. Let y = u - 48. What is the highest common divisor of 28 and y?
14
Let f(c) = 104*c**2 + 1. Let a be f(1). Calculate the highest common divisor of 70 and a.
35
Suppose -f - 1 = -6. Let b = 2 - f. Let l be -1*(-3 + (-1 - b)). Calculate the greatest common factor of l and 7.
1
Let z(c) = 3*c**2 + 5*c + 20. Let k be z(-6). Calculate the greatest common factor of k and 14.
14
Suppose -22*s + 42 = -s. Calculate the greatest common factor of s and 3.
1
Let c(l) = 2*l**2 + l + 4. Let k be c(3). Suppose -2*o = -10 - 90. Suppose 9*p - o = 4*p. What is the greatest common divisor of k and p?
5
Suppose 8*v = 5*v + 9. What is the greatest common divisor of 9 and v?
3
Suppose -5*t - i = i - 185, 4*t - 2*i = 166. Calculate the greatest common divisor of t and 13.
13
Let w(y) = y**3 - 6*y**2 + 4*y + 6. Let p be w(5). Let i be -1 - (-4 - (p - 3)). Calculate the greatest common divisor of i and 1.
1
Suppose 2*h + 2*k + 2*k + 46 = 0, -5*k = -5*h - 55. Let c = 3 - h. Calculate the highest common divisor of c and 27.
9
Suppose -24 + 109 = p. Suppose 6*f = 140 - 38. What is the highest common divisor of f and p?
17
Suppose 18 = -2*r + 78. Calculate the highest common factor of r and 240.
30
Suppose -4*x + 2 = -6. Let s be ((3 + -1)*3)/x. Suppose -13 - 20 = -s*f. Calculate the greatest common factor of f and 22.
11
Let a(g) = -g**2 + 5*g - 4. Let n be a(3). Let o(r) = -4 + r**2 - r - r**2 + r**n - 3. Let s be o(-7). Calculate the highest common divisor of s and 7.
7
Let n(p) = p**3 + p**2 - 2*p + 3. Let m be n(2). Calculate the highest common factor of 44 and m.
11
Suppose 36 = -z - 4*p - 16, -4*z + 5*p = 166. Let i = z + 324. Let u = i - 192. Calculate the highest common factor of u and 11.
11
Let a be 6/4*8/6. Suppose -u + 2*c = -51, -a*c + 148 = 3*u - 7*c. Suppose f - 18 - 1 = -3*b, 3*b = 5*f - u. Calculate the highest common divisor of f and 2.
2
Let i = 0 - -3. Suppose 2*o + i*d = 3, 0 = -3*o - 2*d + 6*d + 13. Calculate the highest common factor of 12 and o.
3
Suppose 2*t + 180 = 6*t. Suppose 2*d - 13 = 17. Let i be (d/(-6))/(1/(-2)). Calculate the highest common factor of i and t.
5
Let i be 30/4 + 2/(-4). Suppose 2*l = -l + u + i, 4*l = 4*u + 4. Suppose -99 = -9*g + 117. What is the greatest common factor of g and l?
3
Suppose 5*k - 610 = -5*i, 0*i = -5*i - 2*k + 595. Suppose -d = -c - 14, -4*c + 0*c = d - 9. What is the greatest common factor of d and i?
13
Let k be 174/11 + (-36)/(-198). Suppose -48 = -0*n - 3*n. What is the highest common divisor of k and n?
16
Let f be 167 + -1 + (19 - 23). What is the greatest common factor of f and 18?
18
Suppose 1 = -r - f + 3, -2*f = -4*r + 32. Suppose t - h - r = 0, -2*h = -2*t + 3*h + 9. What is the greatest common factor of t and 63?
7
Let i(z) = -z - 3. Let k be i(-3). Suppose 4*r - 2*a - 12 = 2*r, k = 4*r - 3*a - 24. Let h be (0 + 6/(-8))*-8. Calculate the highest common factor of r and h.
6
Suppose 5*a - 10*a = -5. What is the greatest common factor of 11 and a?
1
Let r = 229 - 152. What is the greatest common factor of r and 7?
7
Let v be 4 + 1 - (-2 - -1). Calculate the greatest common divisor of v and 2.
2
Let z = -70 - -174. Let l(x) = 0*x**2 - 1 - 3*x**2 - 3*x - x**2 - 3*x**3. Let o be l(-2). What is the greatest common divisor of o and z?
13
Let n = 11 - 7. Let a be (70/(-15))/(n/(-126)). What is the greatest common divisor of 21 and a?
21
Let l = 126 - 117. Let r = -182 - -281. Calculate the greatest common factor of l and r.
9
Let q = 22 + -5. What is the highest common factor of 136 and q?
17
Let m be -1*-4*1/(-2). Let x be ((-45)/m)/((-3)/(-4)). Suppose 0*z - c = -z + x, 2*c - 36 = -z. Calculate the highest common factor of 4 and z.
4
Suppose 6*h - 355 = 4*h - 3*o, o + 527 = 3*h. What is the highest common divisor of 16 and h?
16
Suppose -3*l = l - 72. Let j be (l/(-12))/((-1)/2). What is the greatest common factor of j and 3?
3
Let w(a) = 10*a + 8. Let p = -2 - -1. Let q be p*3*(-24)/9. Let g be w(q). Calculate the greatest common divisor of 11 and g.
11
Let j(m) = -5*m + 3. Let s be j(-3). Let l be (-3)/(1 - 14/8). Suppose 0 = -l*f + f + 486. What is the greatest common divisor of s and f?
18
Let b(p) = 12*p**2 + 3*p + 1. Let l be 1*-2*(-9)/(-6). Let v be b(l). Calculate the greatest common divisor of v and 25.
25
Let u = -36 + 51. Calculate the greatest common factor of u and 240.
15
Suppose 5*x - 2*y - 1383 = 0, 1395 = 5*x + 2*y - 7*y. Let k = -55 + x. Calculate the highest common factor of 20 and k.
20
Suppose -4*p + 33 = -63. What is the highest common factor of 24 and p?
24
Suppose -2*i + 470 + 170 = 0. What is the greatest common factor of i and 40?
40
Let z be 1/(2/(-3) + 1). Let k be 7 + 6/((-1)/1). Calculate the greatest common divisor of z and k.
1
Suppose -7*y = -4*y - 9. Suppose -5*b = -6*b + y. What is the greatest common divisor of b and 1?
1
Let f(b) = b**3 + 11*b**2 - 12*b + 10. Let k be f(-12). Suppose t - 1 = k. Calculate the greatest common divisor of 22 and t.
11
Let f be 45*1/1 + -1. Let q be 2/(2/7)*(-66)/(-21). Calculate the greatest common factor of f and q.
22
Suppose -11*u + 241 = -749. What is the greatest common divisor of u and 18?
18
Let s be 3/(-2)*(3 - 13). What is the greatest common factor of s and 135?
15
Suppose -3*r - 35 = -h, -5*h - 9 + 148 = -3*r. Calculate the greatest common factor of h and 26.
26
Let j = -6 + 160. Suppose -5*u + 8 = -62. Calculate the greatest common divisor of u and j.
14
Let d(s) = 10*s - 20. Let j be d(8). Calculate the greatest common factor of j and 660.
60
Let i = 201 + -179. Calculate the greatest common factor of 154 and i.
22
Let l be (-6 + (3 - 6))*-5. What is the greatest common factor of l and 15?
15
Let h = 132 + 11. Calculate the greatest common divisor of 13 and h.
13
Let t(x) = x**3 + 6*x**2 - 2*x - 4. Let m be t(-6). What is the greatest common factor of m and 32?
8
Suppose -2*z + 2*v + 6 = 3*v, 3*v - 16 = -4*z. Let k be 1 - z*-38 - -3. Let y be 1*1/(-2)*-56. Calculate the greatest common divisor of k and y.
14
Let n = -197 - -224. Calculate the highest common divisor of 108 and n.
27
Let v = 14 - 9. Suppose -h = -k + 23, -v*k - h + 80 = h. What is the highest common factor of k and 2?
2
Let d(x) = -2*